39 = 61*v. Calculate the greatest common divisor of d and v.
13
Let n(o) = -o**2 + 9*o + 13. Let w be n(10). Let v = w - 2. Suppose s - v = -4*b - 10, 3*s - 24 = 5*b. What is the greatest common factor of s and 6?
3
Suppose 0 = 1024*i - 1026*i + 108. Calculate the highest common divisor of 30 and i.
6
Suppose 4*x + 444 = 5*y - 790, 3*y + 2*x - 758 = 0. Calculate the greatest common factor of 100 and y.
50
Suppose 266*c = 270*c - 48. What is the highest common factor of c and 108?
12
Suppose -80 = -0*p - 4*p. Let s = p - 16. Let u be (-4)/(-4)*2*5. Calculate the greatest common divisor of s and u.
2
Suppose 3*k - 25 = 56. Let d = 1 - -2. Calculate the greatest common factor of d and k.
3
Suppose 0 = 3*s - 7 - 2. Suppose 24 = -s*m + 3. Let c(i) = -2*i - 2. Let y be c(m). What is the greatest common divisor of 3 and y?
3
Let a = 43 + -92. Let t be (-2)/1 - a - 3. Let c be (-42)/(-4) - (-4)/8. What is the highest common divisor of t and c?
11
Suppose 3*l + 61 = -35. Let i be l/10*60/(-8). Suppose 11*g - i = 5*g. What is the greatest common divisor of 4 and g?
4
Suppose -2*s + 216 = 4*s. Suppose 2*p - 3*q = 131 + 229, 3*q = 0. Calculate the greatest common divisor of p and s.
36
Suppose 0*m = 6*m - 18. Suppose m*p = 3*g - 57, p + 7 = g + 3*p. Calculate the highest common divisor of 15 and g.
15
Suppose -4*o - 10 + 6 = 0. Let f be 1960/12 + o + (-1)/3. Calculate the greatest common divisor of 18 and f.
18
Let b(j) = j**2 + 10*j. Let p be b(-10). Suppose 11*d - 1441 + 253 = p. Calculate the greatest common divisor of d and 12.
12
Let b = -829 - -931. What is the greatest common divisor of 459 and b?
51
Suppose -2*o + 54 = 4*a, 3*a - 163 = 2*o - 7*o. Let k = -308 - -309. Suppose -2*h = -k - o. Calculate the greatest common factor of 12 and h.
6
Let c = 77 + -63. Let i = -48 + 398. Suppose 0 = -8*u + 3*u + i. Calculate the greatest common divisor of u and c.
14
Suppose -b + 0 = -3*l + 15, 0 = 5*l - 2*b - 24. Let q = l - -6. Suppose -2*m + 540 = 3*m. Calculate the greatest common divisor of q and m.
12
Let f be 2*(3 + -4)*40/(-16). Let r = 91 + -46. Calculate the highest common divisor of f and r.
5
Let u(d) = d**3 - 8*d**2 + 9*d - 3. Let z(h) = 6*h**2 - h. Let l be z(-1). Let o be u(l). Suppose -4*r + 88 = 44. What is the highest common divisor of o and r?
11
Suppose o + 0*o - 325 = -3*m, 535 = 5*m - 5*o. Let i be (-8 - -72)/(-8) + 44. Calculate the greatest common divisor of m and i.
36
Let x be (39 - -19) + (-6 - -2). Calculate the greatest common factor of 18 and x.
18
Let j = 2 - 1. Let y(o) = -o**3 - 7*o**2 + 7. Let z be y(-7). Calculate the greatest common divisor of z and j.
1
Let g be -1*11/(33/(-210)). Calculate the greatest common divisor of 630 and g.
70
Let w = 28 - 25. Suppose -w*q - 90 = -5*v, 6*q = 2*v + q - 55. Calculate the greatest common divisor of 5 and v.
5
Let f be -5 - 632/12*45/(-6). Calculate the greatest common divisor of 234 and f.
78
Let o be 12/(-102) + (-106)/(-34). Suppose -o*n - 2*n + 23 = 4*l, l = 3*n + 27. What is the highest common factor of l and 3?
3
Let s be (-4)/3 - (-1)/3. Let n(k) = -4*k**3 - 2*k**2 + 1. Let u be n(s). Suppose -u*i - 45 = -6*i. What is the highest common factor of 165 and i?
15
Let f be 3 - 0/(-1) - (-4 + 2). Let l be 0 + 0 - (-256)/2. Suppose f*c = c + l. What is the greatest common divisor of 16 and c?
16
Let r(h) = -3*h**3 + 21*h**2 + 14*h - 42. Let n be r(4). What is the highest common factor of 4 and n?
2
Let u be (9/(-36))/(2/(-40)). Suppose u*z + 17 = 47. Suppose 0 = -3*l + z*i - i + 133, 0 = -3*l + 4*i + 128. Calculate the greatest common divisor of l and 18.
18
Let b = 1818 + -1761. What is the highest common factor of 893 and b?
19
Let v = 283 + -223. What is the greatest common factor of 160 and v?
20
Suppose 0 = -7*h + 3*h + 2*y + 20, 10 = 2*h - 4*y. Suppose 9 = 2*r - h*r, 4 = s + 3*r. Suppose -s*j = -8*j - 65. What is the highest common divisor of 13 and j?
13
Let u be ((-1)/3 - 78/(-18))*5. What is the highest common factor of u and 180?
20
Let d(g) = g - 1. Let x be d(3). Suppose x - 5 = -3*b. Let z be (-2)/b*(-22)/2. Calculate the greatest common factor of z and 154.
22
Let z be 17/2 - (-5)/(-10). Suppose -2*m = -0*m + 22. Let i(w) = w**2 + 10*w + 5. Let c be i(m). Calculate the highest common divisor of z and c.
8
Let z(j) = j + 11. Let y be z(-4). Let i be 161/y*1/1 + -3. What is the greatest common factor of i and 40?
20
Let w = 1419 + -852. What is the highest common factor of w and 21?
21
Let t = -116 + 118. Suppose 3*c + 2*g - 98 = 6, t*c - 3*g - 91 = 0. What is the highest common divisor of 38 and c?
38
Suppose 0 = -4*v + 2*i, 0*i = 3*v + i. Suppose 5*h + 3*b = 43, -3*h + 2*b + v*b = -41. Suppose -h = -5*g - 1. Calculate the highest common divisor of g and 10.
2
Let k = 1276 - 1270. Calculate the greatest common divisor of 111 and k.
3
Let g(m) = -39*m - 1008. Let b be g(-26). Calculate the greatest common divisor of b and 39.
3
Let h = -2044 - -2082. Calculate the highest common divisor of h and 2641.
19
Suppose -2*x - x - 4*o = -87, -2*x - 4*o + 54 = 0. Suppose -19*y + 7656 = 10*y. What is the highest common divisor of y and x?
33
Suppose -3*l = -2*t - 0*l + 860, 0 = -t - 3*l + 430. Calculate the greatest common factor of 10 and t.
10
Let m = -3 - -2. Let h be 1 - m - (4 + -4). Suppose -c + 63 = h*c. What is the highest common divisor of 63 and c?
21
Let o(i) = -i**3 - 4*i**2 + 6*i + 31. Suppose 0 = -7*d + 10 - 45. Let p be o(d). Calculate the highest common factor of p and 78.
26
Let y be (-28500)/(-132) + (-4)/(-44). Calculate the greatest common factor of y and 8.
8
Let u(f) = -f**3 + 8*f**2 + f - 3. Let p be u(6). Let k be 2/8 - (-792)/32. What is the highest common factor of k and p?
25
Let u = 205 + -150. Calculate the highest common factor of 88 and u.
11
Suppose 0*c + 3*c = 0. Suppose -4*s = -i - 237, 4*i - 8 - 4 = c. Let l = 54 - 42. Calculate the highest common factor of l and s.
12
Let v(c) = 30*c**2 + 12 + 15*c**2 + 3*c**2 - 5*c. Let w be v(3). What is the highest common factor of 39 and w?
39
Let j = -80 + 129. Let p(u) = -2*u - 5. Let w be 184/(-30) - (-16)/120. Let f be p(w). What is the highest common factor of j and f?
7
Suppose 2*h = 3*x - 4, -2*x + 0*x + 2*h = 0. Let l be 1 - 2/(-2)*1. Suppose -3*w - 5 = -l*w, -25 = -a + 3*w. What is the greatest common factor of a and x?
2
Let k be (2/(-5))/(5/(-50)). Suppose -h - 4 = -3, -3*x = -4*h - k. Suppose x = 5*m - 52 + 2. What is the highest common divisor of 15 and m?
5
Let w = 6 - 3. Let r(q) = q**2 + 7*q + 1. Let t be r(w). What is the greatest common factor of 341 and t?
31
Suppose 13*x = 12*x + 14. Suppose -2*l + 99 + 177 = -r, -2*l + 292 = 3*r. What is the greatest common divisor of x and l?
14
Let y be (-128)/(-48)*3/2. Let q be y/(-26) + 316/26. What is the highest common factor of q and 108?
12
Suppose 9*k - 380 = 79. Suppose -k + 132 = 3*a. Calculate the highest common divisor of a and 45.
9
Let s(n) = n**2 + 3*n - 2. Let d be s(-10). Suppose 3*x = -x + d. Suppose 0 = 2*y - 59 - 43. What is the highest common factor of y and x?
17
Suppose -5*f + 1294 = a, -1041 = -4*f + 2*a + 3*a. Let b be (0 + (-2)/(-2))/(7/f). Calculate the greatest common factor of 37 and b.
37
Suppose 3*a - 5*a = -2*j - 102, 0 = -3*j - 15. Calculate the greatest common factor of a and 161.
23
Suppose 6*c = -c + 35. Suppose 43 = -4*g + 183. Calculate the highest common factor of g and c.
5
Suppose y + m = 51, -y - 2*m + 16 = -38. What is the highest common divisor of 128 and y?
16
Let u = 334 - 283. What is the greatest common factor of u and 3?
3
Let s be (-4)/((-16)/3) + (-2889)/(-36). Suppose 3*b + 36 = s. Calculate the highest common divisor of 135 and b.
15
Let v be 321/21 + 2 + 16/(-7). What is the greatest common divisor of 165 and v?
15
Let m = 60 - -49. Let v(q) = 16*q - 96. Let h be v(6). Suppose 0 = 4*k - 3*r - 69, 4*k + 0*k + 5*r - m = h. Calculate the greatest common factor of k and 84.
21
Let f(v) = -5 - 4 - 3*v + 6. Let h be f(-8). Calculate the highest common factor of 14 and h.
7
Suppose 4*u - 35 = -5*a + 13, 4*u - 48 = -3*a. Let t = 6 + -1. Suppose -g + 0*g + 112 = -t*m, g + 2*m = 140. Calculate the highest common factor of u and g.
12
Suppose o = -0*c + 3*c - 38, 5*c + o - 58 = 0. What is the greatest comm